 Suppose -h + q = -379. List the prime factors of h.
13, 31
Let d = -29051 - -42638. List the prime factors of d.
3, 7, 647
Let t(f) = 4*f**2 - 83*f - 2832. List the prime factors of t(95).
3, 8461
Let s(k) = 112*k**2 - 275*k + 4638. What are the prime factors of s(17)?
3, 13, 829
Suppose -5 = 4*x - 5*b, -2*x - 16 = b - 3. Let z(l) = 2*l**2 + 11*l + 6. Let c be z(x). Let o(h) = 100*h + 2. List the prime factors of o(c).
2, 3, 17
Suppose 4*i + 5*j = 115 + 65, 90 = 2*i - 2*j. Suppose -2*a + a = 38. Let f = i - a. List the prime factors of f.
83
Let b = 10890 - 3976. List the prime factors of b.
2, 3457
Suppose 0 = 5*v - 5*s - 30, 3*v + s + 1 = 7. Suppose 2*r = 3*r - v*o - 9, 4*r - 53 = -5*o. Suppose r*g - 2128 = -2*g. What are the prime factors of g?
2, 19
Let c = 4483 + 24881. List the prime factors of c.
2, 3, 2447
Suppose 27*h + 14 = 4*d + 22*h, -d - 5*h + 16 = 0. Suppose -4*v = 155 + 241. What are the prime factors of d + -2 + (-1 - v)?
2, 3, 17
Let o be 10*((-4)/(-10) - 12/60). Suppose -o*q = -9*q + 231. What are the prime factors of q?
3, 11
Suppose 2*j = -2*j + 3*j. Suppose 3*x + 2*d - 645 = 518, -2*d - 10 = j. What are the prime factors of x?
17, 23
Let x(d) = d**3 + 6*d**2 + 4*d - 8. Let r be x(-4). Suppose r = 7*q - 3*q. Suppose -q*n = 10, -3*i = -2*i - 3*n - 47. What are the prime factors of i?
2
Let c = 1200 + -810. Suppose -13153 = -c*p + 383*p. What are the prime factors of p?
1879
Let o(j) = 9*j**3 - 5*j**2 + 4*j + 83. List the prime factors of o(6).
1871
Let y(r) = r**2 - 19*r - 87. Let l be y(23). Suppose 3 = b, -l*u + 680 = -2*b - 534. List the prime factors of u.
2, 61
What are the prime factors of 10648440/420 - (2/4 + (-30)/28)?
2, 7, 1811
Suppose 820 = v - 4*s, -2*s = 5*v - 4957 + 901. Let m = 612 + v. What are the prime factors of m?
2, 89
Let f = 11692 - 10331. List the prime factors of f.
1361
Suppose 207 = -4*p + s + 16, -s + 50 = -p. Let z = 51 + p. What are the prime factors of (-2*z/8)/((-1)/24)?
2, 3
List the prime factors of (-271404)/36*3/(-6)*2.
3, 7, 359
Let g(y) = 2*y + 24. Let q be g(-12). Suppose q = -3*i + 119 - 35. What are the prime factors of (-79)/(-7) + (-8)/i?
11
Let b = -91 - -93. Let w be ((-24)/10)/(1*b/(-5)). Suppose 30 = -w*x + 16*x. What are the prime factors of x?
3
Let j(o) = -7*o**3 + 163*o**2 + o - 9. What are the prime factors of j(16)?
13063
Suppose -4*j - 1070 + 6366 = -4*f, f = -1. Suppose -t - j = 4*w - 3757, 0 = 3*w + 3*t - 1821. List the prime factors of w.
3, 7, 29
Let a(n) = 20*n - 219. Let i be a(0). What are the prime factors of 1*(i/2)/((-12)/8)?
73
Let h = -114 + 116. Suppose 421 = h*j - 1315. List the prime factors of 1/(1 + (-864)/j).
7, 31
Let d = 179 + 205. Suppose 2*o = 3*t - 2564, -t + d + 468 = -2*o. What are the prime factors of t?
2, 107
Let c(g) = -595*g - 183. Let j(b) = -298*b - 95. Let y(h) = 6*c(h) - 11*j(h). What are the prime factors of y(-4)?
5, 223
What are the prime factors of 140/(-112) + (-389524)/(-16)?
2, 17, 179
Suppose -6*n - 2*n = 0. Suppose n = -5*c - 3*s + 7870 - 2031, -s + 3501 = 3*c. What are the prime factors of c?
2, 11, 53
Suppose 7*j - 12296 = -4*z + 11*j, z - 4*j = 3083. What are the prime factors of z?
37, 83
Let p(q) = 440*q - 15. Let r be p(-1). Let d = 75 - r. List the prime factors of d.
2, 5, 53
Suppose 2*j + v + 0 = 6, 2*j = -2*v + 2. Suppose 10*m - 6*m = -j*y + 5082, 5*m + 2*y - 6361 = 0. List the prime factors of m.
19, 67
What are the prime factors of 20/(-15)*6 + -6 + 68003?
3, 131, 173
Suppose d + 84 - 20 = 0. Let s = -61 - d. What are the prime factors of 58 - (4 + 0/s)?
2, 3
Suppose 138 = -28*u + 30*u. Let z = -73 + u. List the prime factors of (2/z)/(5 - (-5964)/(-1192)).
149
Suppose d = -d - 5*s - 183, -285 = 3*d + 4*s. Let b = 4 - d. Suppose -v + b = -0*w + w, 0 = -5*v + 4*w + 515. What are the prime factors of v?
103
Let b(g) = -123*g - 28. Let s be b(-3). Let h(r) = r**3 - 14*r**2 + 13*r + 2. Let v be h(13). Suppose 73 = v*z - s. What are the prime factors of z?
3, 23
Suppose 0 = -a - 3*a - 120. Let l = a - -40. Suppose l*o = 8*o + 272. What are the prime factors of o?
2, 17
Let l(d) = d**3 - 3*d**2 + 7. Let n be l(-3). Let p = -39 - n. Suppose p*r - 16*r = -40. What are the prime factors of r?
5
Let j = -3425 - -13324. What are the prime factors of j?
19, 521
List the prime factors of (-55038)/10*895/(-179).
3, 9173
Let g(h) = -31*h + 38. Let y be g(-12). Let a = -89 + y. List the prime factors of a.
3, 107
Suppose -19*s = -23*s + 5308. Suppose 5*f - 4637 = -5*t - s, 5*t = 3*f - 1954. What are the prime factors of f?
2, 7, 47
Suppose 0 = -26*q - 37*q + 486234. What are the prime factors of q?
2, 17, 227
Let n be (-2)/(-3) - (2 + (-26)/6). Suppose -1 - 26 = -n*y. List the prime factors of 1/3 - (-6 + (-1266)/y).
3, 7
Let n = 41 + -36. Let a be 78*(-4 + n/(-10)). Let d = -131 - a. List the prime factors of d.
2, 5, 11
Let w(i) = -i**2 - 31*i + 37. Let q be w(-32). Suppose -5*m - 15 = 0, q*y + 5*m = 3*y + 611. What are the prime factors of y?
313
Suppose 0 = o + u - 761 - 350, 5505 = 5*o - 5*u. Suppose 0*s - o = -2*l - 4*s, -3*l - 5*s + 1661 = 0. What are the prime factors of l?
557
List the prime factors of 121441/4 - -12*28/(-1344).
2, 3, 5, 11, 23
List the prime factors of 21/14*11822*(-3)/(-9).
23, 257
Let d = -28617 - -60145. List the prime factors of d.
2, 7, 563
Suppose -5*a = -7*a + 238. Let r = a + -107. Suppose 32 = 2*i + l - 214, 0 = 3*l + r. What are the prime factors of i?
5
Let d(v) = -117*v**3 - 4*v**2 - 15*v - 106. What are the prime factors of d(-6)?
2, 43, 73
Suppose 4*h - 173606 = -3735*j + 3736*j, -4*j + 173636 = 4*h. List the prime factors of h.
43403
Let c(t) be the third derivative of 0 + 0*t**5 + 12*t**3 + 12*t**2 - 1/12*t**4 - 1/120*t**6 + 0*t. List the prime factors of c(0).
2, 3
Let t be (18/(-15))/3 - 335/(-25). Let o be (-585)/t - (8/(-2) - -1). List the prime factors of ((318/9)/2)/((-7)/o).
2, 53
Let h be 8/(-28) + 2/(-7)*-8. Suppose -5*s + h*n + 1983 = 0, -8*s + n + 1587 = -4*s. List the prime factors of s.
397
Let r(d) = 9*d**3 + 123*d**2 + 26*d - 6. List the prime factors of r(-11).
2, 653
Let h = 163 - 162. What are the prime factors of (1/h)/(5/1420)?
2, 71
Suppose -4*h = -8*h + p + 67207, -84014 = -5*h + 3*p. List the prime factors of h.
53, 317
Let c be 8/(-14) - (-1100)/(-35). Let i = c - -34. Suppose 4*t - 42 = i*w, 0*t - t + 4*w = 7. List the prime factors of t.
13
Let y(s) = -14*s + 90. Let x be y(5). List the prime factors of -1206*(x/12 + -2).
2, 3, 67
Let f = 7269 + -2242. Suppose 3*d + f = 14*d. List the prime factors of d.
457
Suppose -18770 = -m + 3*a + 22750, 2*a = m - 41527. List the prime factors of m.
3, 61, 227
Suppose -2099*j + 2094*j = -4*a - 113253, 5*j + 2*a - 113241 = 0. List the prime factors of j.
11, 29, 71
Let g(b) = -16*b**2 - 4*b + 56. Let f be g(5). Let z = -115 - f. List the prime factors of z.
3, 83
Let q be ((-3)/(-3))/(2/(-16)). Let g be (-4)/(-3) + q/(-12). List the prime factors of 167/g - 81/54.
2, 41
Suppose 0*r + 2*r - 1435 = y, -2*r - 4*y = -1460. Suppose u + 8*l - r = 3*l, 5*l + 2955 = 4*u. Suppose 9*m = 6*m + u. List the prime factors of m.
5, 7
Let c = -133 - -228. Suppose 0 = p - 12 - c. What are the prime factors of p?
107
Let h = 1031 - 292. Suppose -2*v + 31 + h = 0. Suppose 0 = -2*s + 7*s - v. What are the prime factors of s?
7, 11
Suppose 0 = 2*u - 8 - 0. Suppose 0 = -u*m + 31 - 23. What are the prime factors of m/(-2) + 67 + 1?
67
List the prime factors of ((-3328)/24 + 5)/(3/(-342)).
2, 19, 401
Let g = -9 - -7. Let h be (2/3)/(g/15 + 0). What are the prime factors of (-4)/20 + (1 - 71/h)?
3, 5
List the prime factors of 170/17 + -8 + -2 + 75152.
2, 7, 11, 61
Suppose 15*r - 18*r = 0. Suppose 15*i - 7*i - 1216 = r. What are the prime factors of i?
2, 19
Suppose -3*a - 77 = -110. Let m(t) = -2*t**3 + 24*t**2 + 4*t - 34. What are the prime factors of m(a)?
2, 3, 7
Let o(q) = 3*q - 15. Suppose 2*l - u - 18 = -4*u, 5*l - 55 = -5*u. Let s be o(l). Suppose -t + s - 22 = 0. What are the prime factors of t?
2
Suppose 54767 + 12713 = 28*k. What are the prime factors of k?
2, 5, 241
Suppose 0 = -2*w + 3*i + 117365, 7*w - 375869 = 5*i + 34870. What are the prime factors of w?
2, 19, 193
Let j(i) = -2*i + 4. Let c be j(3). Let w be (-5337)/(-15) - c/10. 